 v**2 - 18*v. What is q(-2)?
8
Let i be (-6 + 3 - -1) + 0. Let o(x) be the first derivative of x**2/2 - x + 1. Calculate o(i).
-3
Let o(v) be the third derivative of -v**6/120 + 7*v**5/60 - v**4/3 + v**3/6 + 2*v**2 - 7*v. Determine o(6).
-11
Let n(s) = s**3 + s**2 + s - 1. Let u(k) = 2*k + 16. Let c be u(-8). Suppose -3*p = 3*r - 2*r - 17, 0 = -3*p + 15. Let z = c - r. Give n(z).
-7
Let s(t) = t**3 - 5*t**2 - 2*t + 7. Let a = -6 + 11. Give s(a).
-3
Let t(y) = -2*y**2 + 7*y - 8. Let d(p) = p**2 - 3*p + 4. Let u(l) = 5*d(l) + 3*t(l). Suppose -2*f + 24 = 2*f. Give u(f).
-4
Let p = -8 + 5. Let f = p - -2. Let k(z) = -z**3 - z**2 + z + 1. Give k(f).
0
Let l(b) = -b - 9*b + 7*b. What is l(-1)?
3
Let q(j) = 5*j. Suppose 3*l - 4*l - 2*a + 12 = 0, 0 = -4*l + 2*a + 8. Suppose -8 = x - 5*x. Suppose -x*d - 2*d = -l. Give q(d).
5
Let x(g) = -g**3 + g**2 + g - 1. Let k be (-4)/(-16) + (-15)/(-4). Let l(n) = -n**2 - 7*n - 9. Let f be l(-6). Let d = k + f. What is x(d)?
0
Suppose 0*x + 6 = 2*x. Let w(i) = 1 + 3*i**x - 5*i**2 + i**2 + 3*i**2. Calculate w(1).
3
Let n = -7 + 13. Let f(q) be the third derivative of -1/6*q**4 - 5/6*q**3 + 0 + 1/60*q**5 + 4*q**2 + 0*q. What is f(n)?
7
Let f(l) = -5*l**2 + 12*l + 2. Let x(b) = -9*b**2 + 23*b + 5. Let t(d) = -11*f(d) + 6*x(d). Calculate t(-7).
15
Let p(j) = -j - 7. Let z be p(-12). Suppose 0*t + z*t - 5 = 0. Let y(w) = 2*w**2 + 2*w - 1. Determine y(t).
3
Let b(m) be the first derivative of -2 - m + 4/3*m**3 - 1/4*m**4 - 1/2*m**2. Let p be (-11)/(-3) + -1*8/12. Give b(p).
5
Let y(g) = 5*g**2 + 2*g - 1. Let u(r) = r**2 - 1. Let q(h) = -2*u(h) + y(h). Calculate q(-1).
2
Let a(s) be the first derivative of -3*s**2 - s + 2 + 1/3*s**3. Give a(5).
-6
Let o(w) be the third derivative of -w**4/8 - 33*w**2. What is o(-3)?
9
Suppose -3*g + 2*g = -1. Let v(q) = 2 - 1 - g - q**2 - 2 - q. Give v(-2).
-4
Let t(s) = s**3 - 4*s**2 + 3*s - 2. Suppose 0 = 4*m - m + 6, -m = -5*p + 12. Calculate t(p).
-4
Let b(q) = -5*q**3 + 25*q**2 + 5*q - 14. Let x(c) = -c**3 + 5*c**2 + c - 3. Let o(f) = -2*b(f) + 11*x(f). What is o(5)?
0
Let f(a) be the second derivative of 0 - 3*a**2 - 1/3*a**3 + 10*a. Calculate f(-6).
6
Let x(a) = -a**2 - 2*a + 3. Let n be 76/16 - 3/4. Suppose 4*b + 5*m - 13 = 0, 3*m + 0 = -n*b + 3. What is x(b)?
0
Let l(n) = n**3 - 6*n**2 + 7*n - 6. Suppose -2*a - 2*p + 4 = 0, 3*a = -5*p - 0*p + 14. Let x = 3 - a. Calculate l(x).
4
Let j(c) be the first derivative of -c**4/4 + 5*c**3/3 - 3*c**2 + 6*c - 3. Suppose 0 = 2*q - q - 3. Suppose -9 = -m + 4*a + 7, q*m + 2*a = 6. Calculate j(m).
-2
Let a(j) be the second derivative of j**4/6 - j**3/6 + j**2/2 - 6*j. Calculate a(2).
7
Let f(z) = 3*z + 1. Let s(u) = 14*u + 9. Let t(h) = h + 1. Let o(d) = -s(d) + 5*t(d). Let w(x) = -8*f(x) - 3*o(x). Calculate w(-3).
-5
Let k = 8 + -9. Let w = 1 - -2. Let j = k + w. Let n(q) = 4*q - 3. Calculate n(j).
5
Let a = -4 + 2. Let j(o) be the first derivative of -7 - 1/2*o**4 + 2*o + 3/2*o**2 - 2/3*o**3. Determine j(a).
4
Suppose -2*b = 6, -5*z + 0*b = -4*b - 27. Suppose -r - y - z*y + 13 = 0, 17 = 5*r + 4*y. Let k(t) = -4*t**2 - t + 1. Determine k(r).
-4
Let s(j) = -j - 4. Let d(q) = 0 + 4 + 1. Let b(c) = -3*d(c) - 4*s(c). Suppose 0 + 1 = -i. Give b(i).
-3
Let x(m) = 5*m**2 + 8*m - 6. Let w(d) be the second derivative of -d**4/12 - d**3/6 + d**2/2 - 4*d. Let p(c) = -4*w(c) - x(c). Calculate p(-3).
5
Suppose -2*y - c + 4 = -3*c, 4*c = -2*y + 34. Let f(b) = 7*b**2 - 6*b - 20. Let h(o) = -8*o**2 + 7*o + 21. Let n(x) = y*f(x) + 6*h(x). Determine n(0).
-14
Let b(q) be the third derivative of q**4/12 + q**3/3 + 12*q**2. Calculate b(-3).
-4
Let w(i) be the first derivative of -i**3/2 + i**2/2 + 2*i + 1. Let d(m) be the first derivative of w(m). Suppose -4*t + 2 + 10 = 0. Determine d(t).
-8
Let t(i) = 2*i - 8. Let o(h) be the third derivative of 2/3*h**3 + 2*h**2 + 0*h + 0 - 1/24*h**4. Let c(y) = -5*o(y) - 3*t(y). Calculate c(6).
-2
Suppose -3*z = -4*z - 2. Let v = -1 + z. Let h(x) = -3*x + 0*x**2 - 2*x**2 + x**2 - 4. Calculate h(v).
-4
Let c(h) = -h**2 + h + 1. Suppose 0 = -2*q - 5*j + 11, 2*q - 5*j + 17 = q. What is c(q)?
-5
Let u = -44 + 44. Let z(s) = -s**3 - 5. What is z(u)?
-5
Let f(t) = 4 + 0 + 2*t + 2. Suppose 78 = -37*q + 24*q. Determine f(q).
-6
Let w be ((-6)/(-4) - 1)*12. Suppose x + w = -x. Let j(i) = -7 - 2*i**2 - i**3 + 3*i + 4 + i**2. Determine j(x).
6
Let x(j) = -j**2 + j + 10. Suppose 0 = 2*n - 5*n. Suppose -4*s = g - 2*g - 21, n = -3*g + 3*s - 18. Let i be 0/((-6)/(-3 - g)). Give x(i).
10
Let l(n) = -5*n**2 + 2*n**2 + n**2 - 1 + 4*n**2. Let c(w) = -w**2 - 5*w + 2. Let x be c(-5). Give l(x).
7
Let h(n) be the second derivative of n**5/60 - n**4/8 + n**3/3 - 3*n**2/2 - 3*n. Let k(d) be the first derivative of h(d). Determine k(2).
0
Let h(o) be the first derivative of -o**2 + 4*o - 16. Suppose -1 = 5*x + 29. Calculate h(x).
16
Let r(w) = -11*w**2. Let i = 34 - 35. What is r(i)?
-11
Let j(y) = 11*y - 9*y - y**3 + 3*y**2 - 15 - y**2 + 12. Calculate j(2).
1
Let y(h) = -h + 3. Let f = 15 + -15. Calculate y(f).
3
Let q(a) be the second derivative of a**3/6 - 5*a**2/2 + 3*a. Determine q(-6).
-11
Let x(k) = -k**3 + k**2 + k + 22. Let m be x(0). Let s(j) = 3*j + m - 28 - j. Determine s(5).
4
Suppose 0 = 3*q - 6. Let m(f) = 0*f + q + f - 7. Determine m(4).
-1
Suppose -3*f + 9 = -0. Let g(a) = -a**3 + 7*a - f + 6*a**3 - 7*a**2 - 4*a**3 - 1. Calculate g(6).
2
Let s(y) = y**2 + 3*y + 2. Let q(p) = 1. Let t(b) = -3*q(b) + s(b). Calculate t(-3).
-1
Let r be ((-5)/(-5))/((-1)/(-3)). Let a(w) = -w**3 + 2*w**2 - 2*w. Give a(r).
-15
Let r(o) = -8*o - 6. Let t(x) = 2*x + 1. Let c(u) = -r(u) - 3*t(u). What is c(4)?
11
Let c(s) = s + 2. Suppose 5*o - j = j + 30, 2*o - 5*j - 33 = 0. Let i(q) = -q**3 + 3*q**2 - q + 1. Let y be i(2). Suppose 0 = u + o - y. Give c(u).
1
Let y(l) = l**2 - 10*l. Let j = 148 - 140. What is y(j)?
-16
Suppose -4*d + 16 = 4*d. Let p(k) = -4*k**2 - 3*k + 1. Let b be p(2). Let r be d/(b/(-15) - 1). Let h(i) = -i**3 + 6*i**2 - 2*i - 6. Determine h(r).
9
Suppose -8*f + 5 = -9*f. Let u(v) be the second derivative of -v**3/2 - 3*v**2 + v. Give u(f).
9
Let n(o) be the third derivative of -7/24*o**4 - 1/60*o**5 + 0*o + 0 - 2*o**2 - 1/6*o**3. Determine n(-6).
5
Suppose b = -2*b + 21. Suppose b*q - 18 = 4*q. Let n(r) = 0*r + 2*r - q*r. Calculate n(1).
-4
Let o(d) = -7*d + 1. Let g be o(-1). Suppose 5*l - 37 = -3*h, 0 = -4*l + 12 + g. Let n(u) = -u**3 + 5*u**2 - 4*u + 4. Calculate n(h).
4
Let t(w) = -3*w**2 - w. Suppose 5*n - 20 = n. Suppose 10*x - 5*x = n. Determine t(x).
-4
Let h = 4 - 2. Let l(x) = -x - 5*x + 2 - x**h + 6*x. Suppose 6*s + 2*f = s + 8, -4 = 2*s - f. Calculate l(s).
2
Suppose -5*h - 3*o + 5 = 0, -4*h = -o - 0*o - 4. Let q(a) = 7*a**2 - a. Give q(h).
6
Suppose 1 + 5 = 3*r. Let g(m) = -38*m - 5 + 4 + 42*m + 3. What is g(r)?
10
Let d(f) be the first derivative of 3*f**5/20 + f**4/24 - f**3/6 - f**2/2 + 3. Let u(g) be the second derivative of d(g). Determine u(1).
9
Suppose -5*c - 25 = 0, 4 = 3*x + c - 9. Let v(o) = o**2 - 5*o - 1. Calculate v(x).
5
Suppose -4*r + 3*w = -5, -6*w + 35 = 3*r - 2*w. Let z(f) = -2*f + 7. Let g(l) = 4*l - 13. Let j(h) = 3*g(h) + 5*z(h). Determine j(r).
6
Let i(x) = -x**3 + 4*x**2 + 7*x - 2. Let m(b) = -b**2 - b. Let v(c) = i(c) + 5*m(c). Suppose o - 3*d = 3*o - 16, -2*o = -d. Calculate v(o).
-10
Let k(j) be the first derivative of j**2 - 2*j + 5. Let z be k(3). Let c(g) = g**2 - 7*g + 6. Calculate c(z).
-6
Let k(g) be the second derivative of -g**4/12 + 7*g**3/6 - 3*g**2 - 4*g. Let d be k(5). Let a(j) = j + 2. Determine a(d).
6
Let a be (0 + (-15)/6)*-2. Suppose -3 = f - t, 0 = a*f - t + 6*t - 15. Suppose f*m - 2*m = 0. Let d(p) = p + 2. What is d(m)?
2
Let z(a) = a + 1. Let i(t) = 5*t**3 + t**2 + t + 1. Let u be i(-1). Calculate z(u).
-3
Suppose -2*h - b = -3*h + 9, -5*b + 35 = 3*h. Let r(p) = -p - 5 + h + 0*p. What is r(5)?
0
Let o(k) = k - 3. Let w = -19 - -14. Let r = 7 + w. Give o(r).
-1
Let q(p) = -4*p**3 - 3*p**2 - 4*p + 8. Let i(s) = -11*s**3 - 10*s**2 - 11*s + 23. Let g(a) = -3*i(a) + 8*q(a). Calculate g(-6).
-11
Let l be (12/10)/((-3)/(-10)). Let a(q) = -l + 4*q**2 + 2*q**2 + 4*q - 5*q**2. Suppose 5*u + 0*u - 5*x + 30 = 0, 12 = -5*u - 4*x. Determine a(u).
-4
Suppose 17 = 4*u - p, -5*u = 4*p + 